{"id":72,"date":"2020-10-06T16:39:52","date_gmt":"2020-10-06T16:39:52","guid":{"rendered":"http:\/\/helene-ar.net\/?page_id=72"},"modified":"2025-02-05T13:09:05","modified_gmt":"2025-02-05T13:09:05","slug":"publikationen","status":"publish","type":"page","link":"https:\/\/helene-ar.net\/index.php\/publikationen\/","title":{"rendered":"B\u00fccher und Beitr\u00e4ge"},"content":{"rendered":"\n<h2 class=\"wp-block-heading\">B\u00fccher<\/h2>\n\n\n\n<div class=\"wp-block-media-text is-stacked-on-mobile\" style=\"grid-template-columns:16% auto\"><figure class=\"wp-block-media-text__media\"><img loading=\"lazy\" decoding=\"async\" width=\"800\" height=\"1022\" src=\"https:\/\/helene-ar.net\/wp-content\/uploads\/2025\/02\/604-3_u1_web_meiss.jpg__800x1022_q85_crop_subsampling-2_upscale.jpg\" alt=\"\" class=\"wp-image-606 size-full\" srcset=\"https:\/\/helene-ar.net\/wp-content\/uploads\/2025\/02\/604-3_u1_web_meiss.jpg__800x1022_q85_crop_subsampling-2_upscale.jpg 800w, https:\/\/helene-ar.net\/wp-content\/uploads\/2025\/02\/604-3_u1_web_meiss.jpg__800x1022_q85_crop_subsampling-2_upscale-235x300.jpg 235w, https:\/\/helene-ar.net\/wp-content\/uploads\/2025\/02\/604-3_u1_web_meiss.jpg__800x1022_q85_crop_subsampling-2_upscale-768x981.jpg 768w\" sizes=\"auto, (max-width: 800px) 100vw, 800px\" \/><\/figure><div class=\"wp-block-media-text__content\">\n<p><a href=\"https:\/\/www.hierundjetzt.ch\/de\/catalogue\/800-jahre-familie-meiss-von-zurich_24000015\/\" data-type=\"link\" data-id=\"https:\/\/www.hierundjetzt.ch\/de\/catalogue\/800-jahre-familie-meiss-von-zurich_24000015\/\">800 Jahre Familie Meiss von Z\u00fcrich<\/a><\/p>\n\n\n\n<p>Verlag: Hier und Jetzt<br>49 Fr. im Buchhandel<br>Erschienen im November 2024<br><br>(Ich bin Co-Autorin)<\/p>\n<\/div><\/div>\n\n\n\n<div class=\"wp-block-media-text alignwide is-stacked-on-mobile\" style=\"grid-template-columns:16% auto\"><figure class=\"wp-block-media-text__media\"><img loading=\"lazy\" decoding=\"async\" width=\"857\" height=\"1024\" src=\"https:\/\/helene-ar.net\/wp-content\/uploads\/2023\/07\/Cover-als-JPG-857x1024.jpg\" alt=\"\" class=\"wp-image-526 size-full\" srcset=\"https:\/\/helene-ar.net\/wp-content\/uploads\/2023\/07\/Cover-als-JPG-857x1024.jpg 857w, https:\/\/helene-ar.net\/wp-content\/uploads\/2023\/07\/Cover-als-JPG-251x300.jpg 251w, https:\/\/helene-ar.net\/wp-content\/uploads\/2023\/07\/Cover-als-JPG-768x918.jpg 768w, https:\/\/helene-ar.net\/wp-content\/uploads\/2023\/07\/Cover-als-JPG.jpg 967w\" sizes=\"auto, (max-width: 857px) 100vw, 857px\" \/><\/figure><div class=\"wp-block-media-text__content\">\n<p><strong><a href=\"https:\/\/www.hierundjetzt.ch\/de\/catalogue\/das-limmattal_2200020\/\" data-type=\"URL\" data-id=\"https:\/\/www.hierundjetzt.ch\/de\/catalogue\/das-limmattal_2200020\/\">Das Kochbuch der Kittin von 1699<\/a><\/strong><\/p>\n\n\n\n<p>Verlag: Hier und Jetzt<br>49 Fr. im Buchhandel<br>Erschienen im Oktober 2023<\/p>\n\n\n\n<p>(Ich bin Mitherausgeberin, Mitautorin und Mitk\u00f6chin)<\/p>\n<\/div><\/div>\n\n\n\n<div class=\"wp-block-media-text alignwide is-stacked-on-mobile\" style=\"grid-template-columns:16% auto\"><figure class=\"wp-block-media-text__media\"><img loading=\"lazy\" decoding=\"async\" width=\"689\" height=\"1024\" src=\"https:\/\/helene-ar.net\/wp-content\/uploads\/2022\/09\/562-6_U1_Limmattal_Prev-689x1024.jpg\" alt=\"\" class=\"wp-image-459 size-full\" srcset=\"https:\/\/helene-ar.net\/wp-content\/uploads\/2022\/09\/562-6_U1_Limmattal_Prev-689x1024.jpg 689w, https:\/\/helene-ar.net\/wp-content\/uploads\/2022\/09\/562-6_U1_Limmattal_Prev-202x300.jpg 202w, https:\/\/helene-ar.net\/wp-content\/uploads\/2022\/09\/562-6_U1_Limmattal_Prev-768x1142.jpg 768w, https:\/\/helene-ar.net\/wp-content\/uploads\/2022\/09\/562-6_U1_Limmattal_Prev-1033x1536.jpg 1033w, https:\/\/helene-ar.net\/wp-content\/uploads\/2022\/09\/562-6_U1_Limmattal_Prev-1378x2048.jpg 1378w, https:\/\/helene-ar.net\/wp-content\/uploads\/2022\/09\/562-6_U1_Limmattal_Prev.jpg 1589w\" sizes=\"auto, (max-width: 689px) 100vw, 689px\" \/><\/figure><div class=\"wp-block-media-text__content\">\n<p><strong><a href=\"https:\/\/www.hierundjetzt.ch\/de\/catalogue\/das-limmattal_2200020\/\" data-type=\"URL\" data-id=\"https:\/\/www.hierundjetzt.ch\/de\/catalogue\/das-limmattal_2200020\/\">Das Limmattal &#8211; Hinschauen statt Durchfahren<\/a><\/strong><\/p>\n\n\n\n<p>Verlag: Hier und Jetzt<br>49 Fr. im Buchhandel<br>Erschienen im Oktober 2022<\/p>\n\n\n\n<p>(Ich bin Co-Autorin)<br><\/p>\n<\/div><\/div>\n\n\n\n<p><\/p>\n\n\n\n<div class=\"wp-block-media-text alignwide is-stacked-on-mobile\" style=\"grid-template-columns:15% auto\"><figure class=\"wp-block-media-text__media\"><img loading=\"lazy\" decoding=\"async\" width=\"688\" height=\"1024\" src=\"https:\/\/helene-ar.net\/wp-content\/uploads\/2020\/10\/Cover_Vorderseite-5-688x1024.jpg\" alt=\"\" class=\"wp-image-186 size-full\" srcset=\"https:\/\/helene-ar.net\/wp-content\/uploads\/2020\/10\/Cover_Vorderseite-5-688x1024.jpg 688w, https:\/\/helene-ar.net\/wp-content\/uploads\/2020\/10\/Cover_Vorderseite-5-202x300.jpg 202w, https:\/\/helene-ar.net\/wp-content\/uploads\/2020\/10\/Cover_Vorderseite-5.jpg 727w\" sizes=\"auto, (max-width: 688px) 100vw, 688px\" \/><\/figure><div class=\"wp-block-media-text__content\">\n<p><strong>Mit Gottvertrauen im Gep\u00e4ck<\/strong><br>Die Baldegger Schwester Gaudentia in Papua-Neuguinea<br>Verlag: Hier und Jetzt<br>39 Fr. im Buchhandel<br>Erschienen Mitte November 2020<\/p>\n<\/div><\/div>\n\n\n\n<p><\/p>\n\n\n\n<div class=\"wp-block-media-text alignwide is-stacked-on-mobile\" style=\"grid-template-columns:15% auto\"><figure class=\"wp-block-media-text__media\"><img loading=\"lazy\" decoding=\"async\" width=\"200\" height=\"312\" src=\"https:\/\/helene-ar.net\/wp-content\/uploads\/2020\/10\/Cover_Brueckenbauerin.jpeg\" alt=\"\" class=\"wp-image-155 size-full\" srcset=\"https:\/\/helene-ar.net\/wp-content\/uploads\/2020\/10\/Cover_Brueckenbauerin.jpeg 200w, https:\/\/helene-ar.net\/wp-content\/uploads\/2020\/10\/Cover_Brueckenbauerin-192x300.jpeg 192w\" sizes=\"auto, (max-width: 200px) 100vw, 200px\" \/><\/figure><div class=\"wp-block-media-text__content\">\n<p><strong>Die Br\u00fcckenbauerin<\/strong><br>Eine Geschichte \u00fcber H\u00e9l\u00e8ne Vuille<br>Mit Geschichten von H\u00e9l\u00e8ne Vuille<br>W\u00f6rterseh-Verlag, 2016<br>28.90 FR. im Buchhandel<\/p>\n<\/div><\/div>\n\n\n\n<p><\/p>\n\n\n\n<div class=\"wp-block-media-text alignwide is-stacked-on-mobile\" style=\"grid-template-columns:15% auto\"><figure class=\"wp-block-media-text__media\"><img loading=\"lazy\" decoding=\"async\" width=\"740\" height=\"1024\" src=\"https:\/\/helene-ar.net\/wp-content\/uploads\/2020\/10\/20201006_183400-740x1024.jpg\" alt=\"\" class=\"wp-image-159 size-full\" srcset=\"https:\/\/helene-ar.net\/wp-content\/uploads\/2020\/10\/20201006_183400-740x1024.jpg 740w, https:\/\/helene-ar.net\/wp-content\/uploads\/2020\/10\/20201006_183400-217x300.jpg 217w, https:\/\/helene-ar.net\/wp-content\/uploads\/2020\/10\/20201006_183400-768x1062.jpg 768w, https:\/\/helene-ar.net\/wp-content\/uploads\/2020\/10\/20201006_183400-1111x1536.jpg 1111w, https:\/\/helene-ar.net\/wp-content\/uploads\/2020\/10\/20201006_183400-1481x2048.jpg 1481w, https:\/\/helene-ar.net\/wp-content\/uploads\/2020\/10\/20201006_183400-scaled.jpg 1851w\" sizes=\"auto, (max-width: 740px) 100vw, 740px\" \/><\/figure><div class=\"wp-block-media-text__content\">\n<p><strong>Das Kloster Fahr im Mittealter<\/strong><br>&#171;mundus in gutta&#187;<br>Dissertation<br>Mitteilungen der Antiquarischen Gesellschaft in Z\u00fcrich<br>(Band 62, 1995)<br>Verlag Hans Rohr<\/p>\n<\/div><\/div>\n\n\n\n<p><\/p>\n\n\n\n<h2 class=\"wp-block-heading\">Beitr\u00e4ge (Auswahl)<\/h2>\n\n\n\n<div class=\"wp-block-media-text alignwide is-stacked-on-mobile\" style=\"grid-template-columns:15% auto\"><figure class=\"wp-block-media-text__media\"><img loading=\"lazy\" decoding=\"async\" width=\"1024\" height=\"1024\" src=\"https:\/\/helene-ar.net\/wp-content\/uploads\/2020\/10\/496_011901_Kloster-Einsiedeln_Buch-Ufnau_Cover-1-1-1024x1024.jpg\" alt=\"\" class=\"wp-image-169 size-full\" srcset=\"https:\/\/helene-ar.net\/wp-content\/uploads\/2020\/10\/496_011901_Kloster-Einsiedeln_Buch-Ufnau_Cover-1-1-1024x1024.jpg 1024w, https:\/\/helene-ar.net\/wp-content\/uploads\/2020\/10\/496_011901_Kloster-Einsiedeln_Buch-Ufnau_Cover-1-1-300x300.jpg 300w, https:\/\/helene-ar.net\/wp-content\/uploads\/2020\/10\/496_011901_Kloster-Einsiedeln_Buch-Ufnau_Cover-1-1-150x150.jpg 150w, https:\/\/helene-ar.net\/wp-content\/uploads\/2020\/10\/496_011901_Kloster-Einsiedeln_Buch-Ufnau_Cover-1-1-768x768.jpg 768w, https:\/\/helene-ar.net\/wp-content\/uploads\/2020\/10\/496_011901_Kloster-Einsiedeln_Buch-Ufnau_Cover-1-1.jpg 1181w\" sizes=\"auto, (max-width: 1024px) 100vw, 1024px\" \/><\/figure><div class=\"wp-block-media-text__content\">\n<p>Beitrag im<strong> <\/strong>Buch <strong>&#171;Ufnau&#187;<\/strong><br>\u00dcber Ulrich von Hutten<br>Herausgegeben vom Kloster Einsiedeln<br>Verlag: Gut Medien<br>2020<\/p>\n<\/div><\/div>\n\n\n\n<p><\/p>\n\n\n\n<div class=\"wp-block-media-text alignwide is-stacked-on-mobile\" style=\"grid-template-columns:15% auto\"><figure class=\"wp-block-media-text__media\"><img loading=\"lazy\" decoding=\"async\" width=\"768\" height=\"1024\" src=\"https:\/\/helene-ar.net\/wp-content\/uploads\/2020\/10\/Limmatfeld-768x1024.jpg\" alt=\"\" class=\"wp-image-164 size-full\" srcset=\"https:\/\/helene-ar.net\/wp-content\/uploads\/2020\/10\/Limmatfeld-768x1024.jpg 768w, https:\/\/helene-ar.net\/wp-content\/uploads\/2020\/10\/Limmatfeld-225x300.jpg 225w, https:\/\/helene-ar.net\/wp-content\/uploads\/2020\/10\/Limmatfeld-1152x1536.jpg 1152w, https:\/\/helene-ar.net\/wp-content\/uploads\/2020\/10\/Limmatfeld-1536x2048.jpg 1536w, https:\/\/helene-ar.net\/wp-content\/uploads\/2020\/10\/Limmatfeld-scaled.jpg 1920w\" sizes=\"auto, (max-width: 768px) 100vw, 768px\" \/><\/figure><div class=\"wp-block-media-text__content\">\n<p>Neujahrsblatt Dietikon 2019<br><strong>Das Limmatfeld<\/strong> &#8211; vom Industriegebiet zum Stadtteil<br>Konzept, Redaktion und zwei Beitr\u00e4ge<\/p>\n<\/div><\/div>\n\n\n\n<p><\/p>\n\n\n\n<div class=\"wp-block-media-text alignwide is-stacked-on-mobile\" style=\"grid-template-columns:15% auto\"><figure class=\"wp-block-media-text__media\"><img loading=\"lazy\" decoding=\"async\" width=\"797\" height=\"1024\" src=\"https:\/\/helene-ar.net\/wp-content\/uploads\/2020\/10\/RWD_Cover-797x1024.jpg\" alt=\"\" class=\"wp-image-165 size-full\" srcset=\"https:\/\/helene-ar.net\/wp-content\/uploads\/2020\/10\/RWD_Cover-797x1024.jpg 797w, https:\/\/helene-ar.net\/wp-content\/uploads\/2020\/10\/RWD_Cover-233x300.jpg 233w, https:\/\/helene-ar.net\/wp-content\/uploads\/2020\/10\/RWD_Cover-768x987.jpg 768w, https:\/\/helene-ar.net\/wp-content\/uploads\/2020\/10\/RWD_Cover.jpg 1000w\" sizes=\"auto, (max-width: 797px) 100vw, 797px\" \/><\/figure><div class=\"wp-block-media-text__content\">\n<p><strong>Der Lauf der Zeit<\/strong><br>75 Jahre Reppisch-Werke AG Dietikon<br>Jubil\u00e4umsmagazin 2018<\/p>\n<\/div><\/div>\n\n\n\n<p><\/p>\n\n\n\n<div class=\"wp-block-media-text alignwide is-stacked-on-mobile\" style=\"grid-template-columns:15% auto\"><figure class=\"wp-block-media-text__media\"><img loading=\"lazy\" decoding=\"async\" width=\"768\" height=\"1024\" src=\"https:\/\/helene-ar.net\/wp-content\/uploads\/2020\/10\/Reppisch-1-768x1024.jpg\" alt=\"\" class=\"wp-image-163 size-full\" srcset=\"https:\/\/helene-ar.net\/wp-content\/uploads\/2020\/10\/Reppisch-1-768x1024.jpg 768w, https:\/\/helene-ar.net\/wp-content\/uploads\/2020\/10\/Reppisch-1-225x300.jpg 225w, https:\/\/helene-ar.net\/wp-content\/uploads\/2020\/10\/Reppisch-1-1152x1536.jpg 1152w, https:\/\/helene-ar.net\/wp-content\/uploads\/2020\/10\/Reppisch-1-1536x2048.jpg 1536w, https:\/\/helene-ar.net\/wp-content\/uploads\/2020\/10\/Reppisch-1-scaled.jpg 1920w\" sizes=\"auto, (max-width: 768px) 100vw, 768px\" \/><\/figure><div class=\"wp-block-media-text__content\">\n<p>Ein Beitrag im Neujahrsblatt Dietikon 2016<br><strong>Die Reppisch<\/strong><br>Herausgeber Stadtverein Dietikon<\/p>\n<\/div><\/div>\n\n\n\n<p><\/p>\n\n\n\n<div class=\"wp-block-media-text alignwide is-stacked-on-mobile\" style=\"grid-template-columns:15% auto\"><figure class=\"wp-block-media-text__media\"><img loading=\"lazy\" decoding=\"async\" width=\"500\" height=\"417\" src=\"https:\/\/helene-ar.net\/wp-content\/uploads\/2020\/10\/61nwUr9aI4L._SY415_BO1204203200_.jpg\" alt=\"\" class=\"wp-image-158 size-full\" srcset=\"https:\/\/helene-ar.net\/wp-content\/uploads\/2020\/10\/61nwUr9aI4L._SY415_BO1204203200_.jpg 500w, https:\/\/helene-ar.net\/wp-content\/uploads\/2020\/10\/61nwUr9aI4L._SY415_BO1204203200_-300x250.jpg 300w\" sizes=\"auto, (max-width: 500px) 100vw, 500px\" \/><\/figure><div class=\"wp-block-media-text__content\">\n<p>Beitrag im Buch \u00fcber <strong>Bruno Weber<\/strong><br><strong>Die Kraft der Fantasie- ein Lebenswerk<\/strong><br>Hirmer Verlag, 2011<\/p>\n<\/div><\/div>\n\n\n\n<p><\/p>\n\n\n\n<div class=\"wp-block-media-text alignwide is-stacked-on-mobile\" style=\"grid-template-columns:15% auto\"><figure class=\"wp-block-media-text__media\"><img loading=\"lazy\" decoding=\"async\" width=\"725\" height=\"1024\" src=\"https:\/\/helene-ar.net\/wp-content\/uploads\/2020\/10\/Cover_krone-725x1024.jpg\" alt=\"\" class=\"wp-image-156 size-full\" srcset=\"https:\/\/helene-ar.net\/wp-content\/uploads\/2020\/10\/Cover_krone-725x1024.jpg 725w, https:\/\/helene-ar.net\/wp-content\/uploads\/2020\/10\/Cover_krone-212x300.jpg 212w, https:\/\/helene-ar.net\/wp-content\/uploads\/2020\/10\/Cover_krone-768x1085.jpg 768w, https:\/\/helene-ar.net\/wp-content\/uploads\/2020\/10\/Cover_krone-1087x1536.jpg 1087w, https:\/\/helene-ar.net\/wp-content\/uploads\/2020\/10\/Cover_krone-1449x2048.jpg 1449w, https:\/\/helene-ar.net\/wp-content\/uploads\/2020\/10\/Cover_krone-scaled.jpg 1811w\" sizes=\"auto, (max-width: 725px) 100vw, 725px\" \/><\/figure><div class=\"wp-block-media-text__content\">\n<p><strong>Das neue Leben der Taverne Krone<br><\/strong>Momentaufnahmen und Zeitzeugen<br>Herausgegeben von der Stadt Dietikon<br>2010<\/p>\n<\/div><\/div>\n","protected":false},"excerpt":{"rendered":"<p>B\u00fccher 800 Jahre Familie Meiss von Z\u00fcrich Verlag: Hier und Jetzt49 Fr. im BuchhandelErschienen im November 2024 (Ich bin Co-Autorin) Das Kochbuch der Kittin von 1699 Verlag: Hier und Jetzt49 Fr. im BuchhandelErschienen im Oktober 2023 (Ich bin Mitherausgeberin, Mitautorin und Mitk\u00f6chin) Das Limmattal &#8211; Hinschauen statt Durchfahren Verlag: Hier und Jetzt49 Fr. im BuchhandelErschienen&hellip;&nbsp;<a href=\"https:\/\/helene-ar.net\/index.php\/publikationen\/\" rel=\"bookmark\">Weiterlesen &raquo;<span class=\"screen-reader-text\">B\u00fccher und Beitr\u00e4ge<\/span><\/a><\/p>\n","protected":false},"author":4,"featured_media":0,"parent":0,"menu_order":0,"comment_status":"closed","ping_status":"closed","template":"","meta":{"neve_meta_sidebar":"full-width","neve_meta_container":"","neve_meta_enable_content_width":"on","neve_meta_content_width":100,"neve_meta_title_alignment":"","neve_meta_author_avatar":"","neve_post_elements_order":"","neve_meta_disable_header":"","neve_meta_disable_footer":"","neve_meta_disable_title":"","footnotes":""},"class_list":["post-72","page","type-page","status-publish","hentry"],"_links":{"self":[{"href":"https:\/\/helene-ar.net\/index.php\/wp-json\/wp\/v2\/pages\/72","targetHints":{"allow":["GET"]}}],"collection":[{"href":"https:\/\/helene-ar.net\/index.php\/wp-json\/wp\/v2\/pages"}],"about":[{"href":"https:\/\/helene-ar.net\/index.php\/wp-json\/wp\/v2\/types\/page"}],"author":[{"embeddable":true,"href":"https:\/\/helene-ar.net\/index.php\/wp-json\/wp\/v2\/users\/4"}],"replies":[{"embeddable":true,"href":"https:\/\/helene-ar.net\/index.php\/wp-json\/wp\/v2\/comments?post=72"}],"version-history":[{"count":17,"href":"https:\/\/helene-ar.net\/index.php\/wp-json\/wp\/v2\/pages\/72\/revisions"}],"predecessor-version":[{"id":607,"href":"https:\/\/helene-ar.net\/index.php\/wp-json\/wp\/v2\/pages\/72\/revisions\/607"}],"wp:attachment":[{"href":"https:\/\/helene-ar.net\/index.php\/wp-json\/wp\/v2\/media?parent=72"}],"curies":[{"name":"wp","href":"https:\/\/api.w.org\/{rel}","templated":true}]}}